tors of 625*f/(-40)*4.
2, 5
Let a = -29430 + 69087. List the prime factors of a.
3, 13219
Suppose 16*z = c + 17*z - 2125, -5*c + 2*z = -10597. What are the prime factors of c?
3, 7, 101
Let x be 2 + (-19392)/(-168)*(-7)/(-2). Let v = 975 - x. List the prime factors of v.
569
Let b = -131 + 169. Let y = -104 - b. Let q = y + 324. What are the prime factors of q?
2, 7, 13
Let r(l) = 32*l - 32. Let b be r(3). Suppose 58*u - b*u + 2712 = 0. What are the prime factors of u?
2, 113
Let u(b) = 212*b**2 - 9*b + 3. Let i be u(9). List the prime factors of i/45 - 12/(-90).
2, 5, 19
Let d(v) = -5*v - 18. Let w(g) = -4*g + 63. Let r be w(18). What are the prime factors of d(r)?
3
Suppose -b + 1041 = 5*p, 0*b - 3*p = 3*b - 3183. Suppose 261 = x + 3*k, -4*x - 5*k = -4*k - b. What are the prime factors of x?
3, 89
Let k = -8231 + 16872. What are the prime factors of k?
8641
Let i be 8*(0 + (-440)/32). List the prime factors of 67/(i/(-35) - 3).
7, 67
Suppose -8*a + 1087 = 9871. Let b = a + 2639. What are the prime factors of b?
23, 67
Suppose w = -5*y + 9979 + 18432, 4*y + 2*w - 22730 = 0. List the prime factors of y.
2, 3, 947
Suppose -18 = -8*x + 5*x. Let c(w) be the third derivative of 7*w**4/8 - 5*w**3/6 - 8*w**2. What are the prime factors of c(x)?
11
Let l(v) be the first derivative of 36*v**2 - 50*v + 111. List the prime factors of l(5).
2, 5, 31
Suppose -8*w - 4 = -9*w. Suppose 48 = -w*k + 7*k. Let v = k + 9. List the prime factors of v.
5
Suppose 728 = 31*b - 17*b. Suppose b*t - 51*t = 103. List the prime factors of t.
103
List the prime factors of ((-28)/(-126))/((-24)/9) + 28806/72.
2, 5
Suppose 23*z = -11*z + 68. Suppose -o = 2*o - z*y - 2475, o + 5*y - 808 = 0. List the prime factors of o.
823
Let b(s) = -s**2 - 2*s + 37. Let z(f) = f**2 + 3*f - 36. Let t(g) = -2*b(g) - 3*z(g). List the prime factors of t(0).
2, 17
Let r(n) = 29*n + 7. Let o(m) = -m**2 + 3*m - 6. Let g be o(7). Let q = g - -35. What are the prime factors of r(q)?
2, 3
Suppose 0 = -28*w + 178 - 38. Suppose -28*r + 30*r = -w*a + 2429, -1945 = -4*a - r. What are the prime factors of a?
487
Let u(n) = 1 - 7 - 3*n + 8 - 9*n + 5*n**2. Let m be u(-3). Let x = m + -72. List the prime factors of x.
11
Suppose -3 = -3*f, -7*f = -p - 10*f + 13853. What are the prime factors of p/22 + (-42)/77?
17, 37
Suppose 26*l - 74010 = -4*f + 23*l, 36998 = 2*f + 5*l. What are the prime factors of f?
2, 3, 257
Let s(g) = 2*g**3 - 55*g**2 + 18*g - 236. List the prime factors of s(37).
137, 193
Suppose -3*u - 96 = -7*u. Suppose -7*f + 2*f + u = -2*a, -3*f - 5*a = -33. Suppose -f*l + 2*l + 160 = 0. List the prime factors of l.
2, 5
Let c = 15460 + -11911. What are the prime factors of c?
3, 7, 13
List the prime factors of -1 + -7 + 27*8754/9.
2, 13127
Let s be 4 + ((-197132)/(-91) - 2/7). Suppose -45*v + s = -38*v. What are the prime factors of v?
2, 5, 31
Let d(g) = -g**3 + 14*g**2 - 12*g + 11. Let t be d(13). Suppose j + 28*w - t*w = 221, -1088 = -5*j - 3*w. List the prime factors of j.
7, 31
Let m = 3999 + -165. Let c = m - 2563. What are the prime factors of c?
31, 41
Suppose 4*u + u + 5*w = 106300, -u - 2*w = -21265. List the prime factors of u.
3, 5, 13, 109
Suppose -3*p - z = -6*p + 26, -5*p = -5*z - 40. Suppose 4*h = 3*w + 6489, 3*w = p*h - 10*h + 1611. List the prime factors of h.
2, 3, 5
List the prime factors of (-347372)/(-24) + 2/(-2) + (-4)/(-24).
41, 353
Let l = -57374 - -87182. What are the prime factors of l?
2, 3, 23
Let d be 0/(-5)*1*(-2)/(-4). Let m(o) = 9 + 25 - o**2 + 5*o - 7*o. List the prime factors of m(d).
2, 17
Suppose -7*y = -u - 2*y + 12161, 5*u + y - 60727 = 0. Suppose -9*s + 1138 = -u. List the prime factors of s.
2, 3, 41
Let x(o) = 17*o + 18. Let s(l) = -23*l - 41 + 35*l + 4 - 47*l. Let w(d) = 6*s(d) + 11*x(d). What are the prime factors of w(-4)?
2, 17
Let l = 171 + -171. Suppose -2*i + 4*i - 1226 = l. List the prime factors of i.
613
Let j(y) = -2*y**3 - 22*y**2 - 23*y + 3. List the prime factors of j(-18).
3, 13, 127
Suppose 0 = -4*k + 14*k - 10. Let l = -1 - k. List the prime factors of 116*((-1 - l) + (-4 - -4)).
2, 29
Let q be (-9813)/(-6)*(-3 - -7 - 2). Suppose -2137 = -13*a + q. List the prime factors of a.
2, 13
Let o(f) = -f**3 + 27*f**2 + 27*f + 30. Let a be o(28). Suppose -7*l = a*l - 441. List the prime factors of l.
7
Suppose -12*y - 348 = -0*y. Let b(d) = -20*d + 7. What are the prime factors of b(y)?
587
Let v(u) = 5*u**2 - 31 + 41 + 6*u + 21. List the prime factors of v(-6).
5, 7
Let d(w) = -12*w**3 + 13*w**2 - 13*w + 17. What are the prime factors of d(-6)?
5, 631
Suppose 25*v + 1573 - 25723 = 0. Suppose 3*l - 55 = 3*t + l, 0 = 2*t + 4*l + 10. List the prime factors of (5/(t/v))/(-2).
7, 23
Suppose 0*d + 18*d = 5*d. Suppose d = -r + 62 + 291. Let j = r - 192. List the prime factors of j.
7, 23
Suppose -14*p + 53*p = 874477 - 72520. What are the prime factors of p?
20563
Let c(z) be the third derivative of -z**4/4 - 19*z**3/3 + 4*z**2. Let b = 49 - 67. What are the prime factors of c(b)?
2, 5, 7
Let l(q) = q**2 - 4*q + 21. Let u be l(8). Suppose u*c - 55*c = -608. List the prime factors of c.
2, 19
Suppose 4394858 - 7917816 - 21454575 = -469*j. List the prime factors of j.
19, 2803
Let o(b) = 666*b + 579. List the prime factors of o(5).
3, 1303
Let v(g) = 68*g**3 - 132*g**3 + 14*g**2 + 12*g + 65*g**3 + 22. What are the prime factors of v(-6)?
2, 7, 17
What are the prime factors of ((-4)/(-12))/((-19)/(-41667))?
17, 43
Let f(z) = 3253*z - 907. List the prime factors of f(3).
2, 2213
Let m = -13 + 17. Let o be m - (1/(-1) + 4). List the prime factors of 1353/15 + o/(-5).
2, 3, 5
Let s(f) = -f**2 - 21*f - 20. Let w be s(-16). What are the prime factors of (w/(-18))/(4/(-534))?
5, 89
Let v(w) = -11*w**2 - 2*w - 9. Let b(y) = 13*y**2 + 3*y + 9. Let j(l) = -5*b(l) - 6*v(l). List the prime factors of j(-3).
3
Let u = 386 + -620. Let j = 390 - u. What are the prime factors of j?
2, 3, 13
Let f be ((-2844)/14)/((-174)/812). Let n = f + -383. What are the prime factors of n?
5, 113
Suppose 7036*s = 7051*s - 172335. What are the prime factors of s?
11489
Let q be 10 + 17/51*-33. Suppose -n = n. What are the prime factors of (q + n)*((-8)/8 - 75)?
2, 19
Let m(n) = 5 + 2*n - 1 - 11. Let z be m(5). Suppose z*g = 2*g + 17. What are the prime factors of g?
17
Suppose 4*o - 3*c - 47901 = 0, -11*c = -2*o - 6*c + 23975. What are the prime factors of o?
2, 3, 5, 7, 19
Let l = 5954 - 2822. What are the prime factors of l?
2, 3, 29
Suppose 4*p + x - 6 = -49, -x - 55 = 5*p. Let j(u) = -u**3 - 14*u**2 - 26*u - 24. Let d be j(p). Suppose d = -166*c + 163*c + 741. List the prime factors of c.
13, 19
Suppose 63*d = -55*d + 918512. List the prime factors of d.
2, 7, 139
Let b = -320 + 326. List the prime factors of (-4)/b - (-80294)/57.
2, 11
Let s = -14 - -14. Let z be (2 + (-1 - -42))/((-8)/(-32)). Suppose s*a - z = -a. List the prime factors of a.
2, 43
Let y be (-2 + 0 - -3) + (-7 - -2). Let m be 118/(y/(-14) + (-24)/(-14)). Suppose -3*s - 14 = -m. List the prime factors of s.
3, 5
Suppose 2*w + w = -3*m + 26271, -w = 3*m - 26269. List the prime factors of m.
2, 11, 199
Let w(s) = 172*s + 9522. What are the prime factors of w(-54)?
2, 3, 13
Let q(x) = 10*x - 109. Let r be q(11). What are the prime factors of 210 + (r - 0) + -4?
3, 23
Suppose -v + 4*n = 12, v + 5*n + 57 = -0*n. Suppose -3*j = 3*y - y - 135, 120 = 2*y - 2*j. Let t = y - v. What are the prime factors of t?
5, 19
Let i be 3 - (-1 + 1) - 0. Suppose -13 = -i*v - 7. Suppose -144 + 2 = -v*n. List the prime factors of n.
71
Suppose 4*j = -4*a + 8, -3*a = -5*j + 40 - 6. Suppose 40*q - 82*q + 436 = 67*q. Suppose -3*o = 4*s - 317, o + q*o - 400 = -j*s. List the prime factors of s.
7, 11
Suppose -3*r + 108 + 918 = 0. Suppose -11*a - r = 1737. List the prime factors of (0 - 5)/(9/a).
3, 5, 7
Let m(j) = 5*j - 23. Let r be m(5). Suppose -18 = -4*p - 5*s, 0 = -p + 3*s + r + 11. Suppose 18*f - p*f = 396. List the prime factors of f.
2, 3
List the prime factors of (-317 + 304)*(-7274)/26.
3637
Let a be (80/32)/((-25)/(-60)). Suppose a*y - 935 = -5*i + 2*y, 920 = 5*i + y. What are the prime factors of i?
3, 61
Let a be ((-12)/(-2))/(6/4). Let x(p) = 3*p - 16. Let d be x(a). List the prime factors of (2*2/d)/((-2)/190).
5, 19
Sup